{"id":312,"date":"2024-05-26T16:22:24","date_gmt":"2024-05-26T13:22:24","guid":{"rendered":"http:\/\/dummy.xtemos.com\/woodmart2\/elementor\/?post_type=product&#038;p=312"},"modified":"2024-05-17T19:37:24","modified_gmt":"2024-05-17T16:37:24","slug":"logitech-m171-nano-alicili-kablosuz-siyah-mouse","status":"publish","type":"product","link":"https:\/\/arzemteknoloji.com\/index.php\/urun\/logitech-m171-nano-alicili-kablosuz-siyah-mouse\/","title":{"rendered":"LOGITECH M171 Nano Al\u0131c\u0131l\u0131 Kablosuz siyah Mouse"},"content":{"rendered":"\t\t<div data-elementor-type=\"wp-post\" data-elementor-id=\"312\" class=\"elementor elementor-312\" data-elementor-post-type=\"product\">\n\t\t\t\t<div class=\"elementor-element elementor-element-fec19de e-flex e-con-boxed e-con e-parent\" data-id=\"fec19de\" data-element_type=\"container\">\n\t\t\t\t\t<div class=\"e-con-inner\">\n\t\t<div class=\"elementor-element elementor-element-2cdeafe e-con-full e-flex e-con e-child\" data-id=\"2cdeafe\" data-element_type=\"container\">\n\t\t\t\t<div class=\"elementor-element elementor-element-b48ee90 elementor-widget elementor-widget-wd_text_block\" data-id=\"b48ee90\" data-element_type=\"widget\" data-widget_type=\"wd_text_block.default\">\n\t\t\t\t<div class=\"elementor-widget-container\">\n\t\t\t\t\t\t\t<div class=\"wd-text-block reset-last-child text-left\">\n\t\t\t\n\t\t\t<table class=\"table table-hover table-striped \"><tbody><tr><th class=\"px-4 px-xl-5 border-top-0\" data-sider-select-id=\"38e44a80-84e6-49d7-bca1-a22209c01840\">Marka<\/th><td class=\"border-top-0\">LOGITECH<\/td><\/tr><tr><th class=\"px-4 px-xl-5 border-top-0\">\u00dcr\u00fcn Kodu<\/th><td class=\"border-top-0\">M171<\/td><\/tr><tr><th class=\"px-4 px-xl-5 border-top-0\">Ba\u011flant\u0131<\/th><td class=\"border-top-0\">Nano Al\u0131c\u0131l\u0131<\/td><\/tr><tr><th class=\"px-4 px-xl-5 border-top-0\">Kablosuz<\/th><td class=\"border-top-0\">Kablosuz<\/td><\/tr><tr><th class=\"px-4 px-xl-5 border-top-0\">Renk<\/th><td class=\"border-top-0\">siyah<\/td><\/tr><tr><th class=\"px-4 px-xl-5 border-top-0\">A\u00e7\u0131klama<\/th><td class=\"border-top-0\">Mouse<\/td><\/tr><tr><th class=\"px-4 px-xl-5 border-top-0\">Mouse Tipi<\/th><td class=\"border-top-0\">Kablosuz Standart<\/td><\/tr><tr><th class=\"px-4 px-xl-5 border-top-0\">A\u011f\u0131rl\u0131k<\/th><td class=\"border-top-0\">Pil ile 70,5 g (2,49 oz)<\/td><\/tr><tr><th class=\"px-4 px-xl-5 border-top-0\">Garanti S\u00fcresi<\/th><td class=\"border-top-0\">24 ay<\/td><\/tr><\/tbody><\/table>\n\t\t\t\t\t<\/div>\n\t\t\t\t\t\t<\/div>\n\t\t\t\t<\/div>\n\t\t\t\t<\/div>\n\t\t<div class=\"elementor-element elementor-element-97f4f88 e-con-full e-flex e-con e-child\" data-id=\"97f4f88\" data-element_type=\"container\">\n\t\t\t\t<div class=\"elementor-element elementor-element-3393b11 elementor-widget elementor-widget-wd_image_or_svg\" data-id=\"3393b11\" data-element_type=\"widget\" data-widget_type=\"wd_image_or_svg.default\">\n\t\t\t\t<div class=\"elementor-widget-container\">\n\t\t\t\t\t\n\t\t<div class=\"wd-image text-left\">\n\t\t\t\t\t\t\t\t<img fetchpriority=\"high\" decoding=\"async\" width=\"500\" height=\"431\" src=\"https:\/\/arzemteknoloji.com\/wp-content\/uploads\/2024\/05\/17546_M171_1.jpg\" class=\"attachment-full size-full\" alt=\"\" srcset=\"https:\/\/arzemteknoloji.com\/wp-content\/uploads\/2024\/05\/17546_M171_1.jpg 500w, https:\/\/arzemteknoloji.com\/wp-content\/uploads\/2024\/05\/17546_M171_1-348x300.jpg 348w, https:\/\/arzemteknoloji.com\/wp-content\/uploads\/2024\/05\/17546_M171_1-430x371.jpg 430w, https:\/\/arzemteknoloji.com\/wp-content\/uploads\/2024\/05\/17546_M171_1-150x129.jpg 150w\" sizes=\"(max-width: 500px) 100vw, 500px\" \/>\t\t\t\t\t<\/div>\n\n\t\t\t\t\t\t<\/div>\n\t\t\t\t<\/div>\n\t\t\t\t<div class=\"elementor-element elementor-element-d99b5da elementor-widget elementor-widget-wd_image_or_svg\" data-id=\"d99b5da\" data-element_type=\"widget\" data-widget_type=\"wd_image_or_svg.default\">\n\t\t\t\t<div class=\"elementor-widget-container\">\n\t\t\t\t\t\n\t\t<div class=\"wd-image text-left\">\n\t\t\t\t\t\t\t\t<img decoding=\"async\" width=\"700\" height=\"700\" src=\"https:\/\/arzemteknoloji.com\/wp-content\/uploads\/2024\/05\/logitech-m221-sessiz-kablosuz-mouse-910-006510-siyah-41879-1.webp\" class=\"attachment-full size-full\" alt=\"\" srcset=\"https:\/\/arzemteknoloji.com\/wp-content\/uploads\/2024\/05\/logitech-m221-sessiz-kablosuz-mouse-910-006510-siyah-41879-1.webp 700w, https:\/\/arzemteknoloji.com\/wp-content\/uploads\/2024\/05\/logitech-m221-sessiz-kablosuz-mouse-910-006510-siyah-41879-1-300x300.webp 300w, https:\/\/arzemteknoloji.com\/wp-content\/uploads\/2024\/05\/logitech-m221-sessiz-kablosuz-mouse-910-006510-siyah-41879-1-150x150.webp 150w, https:\/\/arzemteknoloji.com\/wp-content\/uploads\/2024\/05\/logitech-m221-sessiz-kablosuz-mouse-910-006510-siyah-41879-1-430x430.webp 430w\" sizes=\"(max-width: 700px) 100vw, 700px\" \/>\t\t\t\t\t<\/div>\n\n\t\t\t\t\t\t<\/div>\n\t\t\t\t<\/div>\n\t\t\t\t<\/div>\n\t\t\t\t\t<\/div>\n\t\t\t\t<\/div>\n\t\t\t\t<\/div>\n\t\t","protected":false},"excerpt":{"rendered":"<p>Nano Al\u0131c\u0131l\u0131 Kablosuz siyah Mouse ergonomik tasar\u0131m uzun \u00f6m\u00fcrl\u00fc<\/p>\n","protected":false},"featured_media":24007,"comment_status":"open","ping_status":"closed","template":"","meta":[],"product_cat":[42],"product_tag":[160,161,157,158,163,159,162],"yoast_head":"<!-- This site is optimized with the Yoast SEO Premium plugin v22.1 (Yoast SEO v24.1) - https:\/\/yoast.com\/wordpress\/plugins\/seo\/ -->\n<title>LOGITECH M171 Nano Al\u0131c\u0131l\u0131 Kablosuz siyah Mouse - Arzemteknoloji<\/title>\n<meta name=\"robots\" content=\"noindex, follow, max-snippet:-1, max-image-preview:large, max-video-preview:-1\" \/>\n<meta property=\"og:locale\" content=\"tr_TR\" \/>\n<meta property=\"og:type\" content=\"article\" \/>\n<meta property=\"og:title\" content=\"LOGITECH M171 Nano Al\u0131c\u0131l\u0131 Kablosuz siyah Mouse\" \/>\n<meta property=\"og:description\" content=\"Nano Al\u0131c\u0131l\u0131 Kablosuz siyah Mouse ergonomik tasar\u0131m uzun \u00f6m\u00fcrl\u00fc\" \/>\n<meta property=\"og:url\" content=\"https:\/\/arzemteknoloji.com\/index.php\/urun\/logitech-m171-nano-alicili-kablosuz-siyah-mouse\/\" \/>\n<meta property=\"og:site_name\" content=\"Arzemteknoloji\" \/>\n<meta property=\"article:modified_time\" content=\"2024-05-17T16:37:24+00:00\" \/>\n<meta property=\"og:image\" content=\"https:\/\/arzemteknoloji.com\/wp-content\/uploads\/2024\/05\/17546_M171_1.jpg\" \/>\n\t<meta property=\"og:image:width\" content=\"500\" \/>\n\t<meta property=\"og:image:height\" content=\"431\" \/>\n\t<meta property=\"og:image:type\" content=\"image\/jpeg\" \/>\n<meta name=\"twitter:card\" content=\"summary_large_image\" \/>\n<meta name=\"twitter:label1\" content=\"Tahmini okuma s\u00fcresi\" \/>\n\t<meta name=\"twitter:data1\" content=\"1 dakika\" \/>\n<script type=\"application\/ld+json\" class=\"yoast-schema-graph\">{\"@context\":\"https:\/\/schema.org\",\"@graph\":[{\"@type\":\"WebPage\",\"@id\":\"https:\/\/arzemteknoloji.com\/index.php\/urun\/logitech-m171-nano-alicili-kablosuz-siyah-mouse\/\",\"url\":\"https:\/\/arzemteknoloji.com\/index.php\/urun\/logitech-m171-nano-alicili-kablosuz-siyah-mouse\/\",\"name\":\"LOGITECH M171 Nano Al\u0131c\u0131l\u0131 Kablosuz siyah Mouse - Arzemteknoloji\",\"isPartOf\":{\"@id\":\"https:\/\/arzemteknoloji.com\/#website\"},\"primaryImageOfPage\":{\"@id\":\"https:\/\/arzemteknoloji.com\/index.php\/urun\/logitech-m171-nano-alicili-kablosuz-siyah-mouse\/#primaryimage\"},\"image\":{\"@id\":\"https:\/\/arzemteknoloji.com\/index.php\/urun\/logitech-m171-nano-alicili-kablosuz-siyah-mouse\/#primaryimage\"},\"thumbnailUrl\":\"https:\/\/arzemteknoloji.com\/wp-content\/uploads\/2024\/05\/17546_M171_1.jpg\",\"datePublished\":\"2024-05-26T13:22:24+00:00\",\"dateModified\":\"2024-05-17T16:37:24+00:00\",\"breadcrumb\":{\"@id\":\"https:\/\/arzemteknoloji.com\/index.php\/urun\/logitech-m171-nano-alicili-kablosuz-siyah-mouse\/#breadcrumb\"},\"inLanguage\":\"tr\",\"potentialAction\":[{\"@type\":\"ReadAction\",\"target\":[\"https:\/\/arzemteknoloji.com\/index.php\/urun\/logitech-m171-nano-alicili-kablosuz-siyah-mouse\/\"]}]},{\"@type\":\"ImageObject\",\"inLanguage\":\"tr\",\"@id\":\"https:\/\/arzemteknoloji.com\/index.php\/urun\/logitech-m171-nano-alicili-kablosuz-siyah-mouse\/#primaryimage\",\"url\":\"https:\/\/arzemteknoloji.com\/wp-content\/uploads\/2024\/05\/17546_M171_1.jpg\",\"contentUrl\":\"https:\/\/arzemteknoloji.com\/wp-content\/uploads\/2024\/05\/17546_M171_1.jpg\",\"width\":500,\"height\":431},{\"@type\":\"BreadcrumbList\",\"@id\":\"https:\/\/arzemteknoloji.com\/index.php\/urun\/logitech-m171-nano-alicili-kablosuz-siyah-mouse\/#breadcrumb\",\"itemListElement\":[{\"@type\":\"ListItem\",\"position\":1,\"name\":\"Anasayfa\",\"item\":\"https:\/\/arzemteknoloji.com\/\"},{\"@type\":\"ListItem\",\"position\":2,\"name\":\"Shop\",\"item\":\"https:\/\/arzemteknoloji.com\/index.php\/shop\/\"},{\"@type\":\"ListItem\",\"position\":3,\"name\":\"LOGITECH M171 Nano Al\u0131c\u0131l\u0131 Kablosuz siyah Mouse\"}]},{\"@type\":\"WebSite\",\"@id\":\"https:\/\/arzemteknoloji.com\/#website\",\"url\":\"https:\/\/arzemteknoloji.com\/\",\"name\":\"Arzemteknoloji\",\"description\":\"Teknolojideki Vazge\u00e7ilmeziniz\",\"potentialAction\":[{\"@type\":\"SearchAction\",\"target\":{\"@type\":\"EntryPoint\",\"urlTemplate\":\"https:\/\/arzemteknoloji.com\/?s={search_term_string}\"},\"query-input\":{\"@type\":\"PropertyValueSpecification\",\"valueRequired\":true,\"valueName\":\"search_term_string\"}}],\"inLanguage\":\"tr\"}]}<\/script>\n<!-- \/ Yoast SEO Premium plugin. -->","yoast_head_json":{"title":"LOGITECH M171 Nano Al\u0131c\u0131l\u0131 Kablosuz siyah Mouse - Arzemteknoloji","robots":{"index":"noindex","follow":"follow","max-snippet":"max-snippet:-1","max-image-preview":"max-image-preview:large","max-video-preview":"max-video-preview:-1"},"og_locale":"tr_TR","og_type":"article","og_title":"LOGITECH M171 Nano Al\u0131c\u0131l\u0131 Kablosuz siyah Mouse","og_description":"Nano Al\u0131c\u0131l\u0131 Kablosuz siyah Mouse ergonomik tasar\u0131m uzun \u00f6m\u00fcrl\u00fc","og_url":"https:\/\/arzemteknoloji.com\/index.php\/urun\/logitech-m171-nano-alicili-kablosuz-siyah-mouse\/","og_site_name":"Arzemteknoloji","article_modified_time":"2024-05-17T16:37:24+00:00","og_image":[{"width":500,"height":431,"url":"https:\/\/arzemteknoloji.com\/wp-content\/uploads\/2024\/05\/17546_M171_1.jpg","type":"image\/jpeg"}],"twitter_card":"summary_large_image","twitter_misc":{"Tahmini okuma s\u00fcresi":"1 dakika"},"schema":{"@context":"https:\/\/schema.org","@graph":[{"@type":"WebPage","@id":"https:\/\/arzemteknoloji.com\/index.php\/urun\/logitech-m171-nano-alicili-kablosuz-siyah-mouse\/","url":"https:\/\/arzemteknoloji.com\/index.php\/urun\/logitech-m171-nano-alicili-kablosuz-siyah-mouse\/","name":"LOGITECH M171 Nano Al\u0131c\u0131l\u0131 Kablosuz siyah Mouse - Arzemteknoloji","isPartOf":{"@id":"https:\/\/arzemteknoloji.com\/#website"},"primaryImageOfPage":{"@id":"https:\/\/arzemteknoloji.com\/index.php\/urun\/logitech-m171-nano-alicili-kablosuz-siyah-mouse\/#primaryimage"},"image":{"@id":"https:\/\/arzemteknoloji.com\/index.php\/urun\/logitech-m171-nano-alicili-kablosuz-siyah-mouse\/#primaryimage"},"thumbnailUrl":"https:\/\/arzemteknoloji.com\/wp-content\/uploads\/2024\/05\/17546_M171_1.jpg","datePublished":"2024-05-26T13:22:24+00:00","dateModified":"2024-05-17T16:37:24+00:00","breadcrumb":{"@id":"https:\/\/arzemteknoloji.com\/index.php\/urun\/logitech-m171-nano-alicili-kablosuz-siyah-mouse\/#breadcrumb"},"inLanguage":"tr","potentialAction":[{"@type":"ReadAction","target":["https:\/\/arzemteknoloji.com\/index.php\/urun\/logitech-m171-nano-alicili-kablosuz-siyah-mouse\/"]}]},{"@type":"ImageObject","inLanguage":"tr","@id":"https:\/\/arzemteknoloji.com\/index.php\/urun\/logitech-m171-nano-alicili-kablosuz-siyah-mouse\/#primaryimage","url":"https:\/\/arzemteknoloji.com\/wp-content\/uploads\/2024\/05\/17546_M171_1.jpg","contentUrl":"https:\/\/arzemteknoloji.com\/wp-content\/uploads\/2024\/05\/17546_M171_1.jpg","width":500,"height":431},{"@type":"BreadcrumbList","@id":"https:\/\/arzemteknoloji.com\/index.php\/urun\/logitech-m171-nano-alicili-kablosuz-siyah-mouse\/#breadcrumb","itemListElement":[{"@type":"ListItem","position":1,"name":"Anasayfa","item":"https:\/\/arzemteknoloji.com\/"},{"@type":"ListItem","position":2,"name":"Shop","item":"https:\/\/arzemteknoloji.com\/index.php\/shop\/"},{"@type":"ListItem","position":3,"name":"LOGITECH M171 Nano Al\u0131c\u0131l\u0131 Kablosuz siyah Mouse"}]},{"@type":"WebSite","@id":"https:\/\/arzemteknoloji.com\/#website","url":"https:\/\/arzemteknoloji.com\/","name":"Arzemteknoloji","description":"Teknolojideki Vazge\u00e7ilmeziniz","potentialAction":[{"@type":"SearchAction","target":{"@type":"EntryPoint","urlTemplate":"https:\/\/arzemteknoloji.com\/?s={search_term_string}"},"query-input":{"@type":"PropertyValueSpecification","valueRequired":true,"valueName":"search_term_string"}}],"inLanguage":"tr"}]}},"jetpack_sharing_enabled":true,"_links":{"self":[{"href":"https:\/\/arzemteknoloji.com\/index.php\/wp-json\/wp\/v2\/product\/312"}],"collection":[{"href":"https:\/\/arzemteknoloji.com\/index.php\/wp-json\/wp\/v2\/product"}],"about":[{"href":"https:\/\/arzemteknoloji.com\/index.php\/wp-json\/wp\/v2\/types\/product"}],"replies":[{"embeddable":true,"href":"https:\/\/arzemteknoloji.com\/index.php\/wp-json\/wp\/v2\/comments?post=312"}],"version-history":[{"count":7,"href":"https:\/\/arzemteknoloji.com\/index.php\/wp-json\/wp\/v2\/product\/312\/revisions"}],"predecessor-version":[{"id":24015,"href":"https:\/\/arzemteknoloji.com\/index.php\/wp-json\/wp\/v2\/product\/312\/revisions\/24015"}],"wp:featuredmedia":[{"embeddable":true,"href":"https:\/\/arzemteknoloji.com\/index.php\/wp-json\/wp\/v2\/media\/24007"}],"wp:attachment":[{"href":"https:\/\/arzemteknoloji.com\/index.php\/wp-json\/wp\/v2\/media?parent=312"}],"wp:term":[{"taxonomy":"product_cat","embeddable":true,"href":"https:\/\/arzemteknoloji.com\/index.php\/wp-json\/wp\/v2\/product_cat?post=312"},{"taxonomy":"product_tag","embeddable":true,"href":"https:\/\/arzemteknoloji.com\/index.php\/wp-json\/wp\/v2\/product_tag?post=312"}],"curies":[{"name":"wp","href":"https:\/\/api.w.org\/{rel}","templated":true}]}}